uppose -a + 1124213 = 4*u, -2*a + 693022 = 3*u - 150139. Is u a composite number?
False
Is 1/(8483284/(-385604) - -22) prime?
True
Let q(h) = -h**3 + 23*h**2 - 12*h - 9. Let f be q(31). Is f/(-8) - 9/(-24) composite?
False
Let d(a) = -105*a**2 - 2030*a + 22. Is d(-11) prime?
False
Suppose -61*m + 43*m - 78109 = -37*m. Is m a prime number?
True
Let a(m) = -7*m**2 + 32. Let p(h) = 14*h**2 + h - 65. Let w(k) = 5*a(k) + 3*p(k). Suppose -5*x + 26 = 126. Is w(x) a prime number?
False
Suppose 2*j + 2*u = 52144, j - 26052 = -0*j - 5*u. Suppose -2*s = 3*q - 29421, 2*s + 4*q - j = 3345. Is s a composite number?
True
Let m(n) = 494*n - 1. Let f = -45 - -48. Is m(f) composite?
False
Let s(t) = 9 - 58*t - 21 - 48*t. Let o be s(-3). Suppose -2*a = -8*a + o. Is a a prime number?
False
Suppose -1078*o = -1080*o + 11206. Is o prime?
False
Let p be (-1832)/10*(-135)/18. Suppose 42*x - p = 40*x - 4*h, 0 = -h - 5. Is x composite?
True
Let i = 1044440 - -415689. Is i prime?
False
Suppose 0 = -b, 27 = 2*l - 5*b - 3. Let o(w) = 9*w + 24. Let i(j) = -j - 8. Let g(r) = 4*i(r) + o(r). Is g(l) prime?
True
Suppose -3*k = -24*z + 35484297, -z - 5*k = -9*k - 1478493. Is z composite?
False
Let g(f) = 0*f**2 + 54*f**3 - 2*f**3 + 2*f + 4 + 3*f**2 - 14. Let x be g(5). Suppose 2*s + x = 7*s. Is s prime?
False
Let o = 120 - -76. Let u(t) = 2*t**2 + 55*t - 72. Let g be u(-30). Let i = o - g. Is i a composite number?
True
Is (44378/4)/(((-147)/84)/(-7)) a composite number?
True
Let v be (2 + 3)*-1 - -5 - 48. Is (v/120)/((-6)/65715) a prime number?
False
Suppose 3*y - 2459 = 17377. Suppose 2*o - 47246 + y = 0. Is o a composite number?
True
Let d = 2275493 + -383586. Is d prime?
True
Let k = 11520 + -5906. Suppose 2*w - k = -4*c, -8*c + 9*c = -3*w + 8436. Is w a prime number?
False
Suppose 5*o + 5*a = -10, a + 15 = 4*o - 2. Suppose 3*z = -7*s + o*s + 295, -4*s = z - 101. Is z a prime number?
True
Suppose -4*b + 8 = -5*t - 19, 5*t + 9 = -2*b. Suppose -n + a = -6904, -b*n + 4*a + 20496 + 219 = 0. Is n a composite number?
True
Let q(p) = -p**2 - 2*p + 889. Let b(f) be the second derivative of -f**3/3 + 10*f**2 - 17*f. Let j be b(10). Is q(j) composite?
True
Suppose 0 = z + 2*n - 10, z - 3*n = -2*n - 2. Suppose a + k - 169 = -a, z*k + 2 = 0. Suppose 25 = o - 2*t, -a = -7*o + 4*o + 4*t. Is o a composite number?
True
Let w(c) = -2267*c - 39. Let x be 16/20*1/(1/(-5)). Is w(x) a composite number?
False
Suppose 2*x - 108751 = -3*o, -45 = -x - 40. Is o prime?
False
Let u be (-13 - (7 - -7))*13/3. Let t be ((-4)/(-8))/(1/22). Is (7 - t) + u/(-1) composite?
False
Suppose 4320 = -5*x + 15*x. Suppose -y + x = -56. Let h = 38 + y. Is h a composite number?
True
Let d(o) = -2*o**3 - 46*o**2 - 38*o - 9. Let q(t) = -2*t**3 - 37*t**2 - 31*t - 7. Let c(h) = -9*d(h) + 11*q(h). Let f = -5 - 1. Is c(f) composite?
True
Let l = -117 - -40. Let n be l/(-21) + (-4)/6. Is 10/(-15) - (-467)/n prime?
False
Let k be (-7 - -929)/((10/(-3))/(-5)). Is k - (1/3 - (-14)/21) composite?
True
Suppose 0 = -21*r + 26*r - 5. Let k(a) = 377*a + 2. Is k(r) a prime number?
True
Suppose 4*i - 3*k - 10330 = 0, -5*k = -i - 0*k + 2591. Let l = 4669 - i. Let t = 3469 - l. Is t prime?
True
Is (7 - (5 - 0))*(-81138)/(-12) a prime number?
True
Suppose -b + o = -7, 0*o - 13 = -3*b - o. Suppose s + b*p = p + 693, -2*p + 703 = s. Suppose -x = -2*x + s. Is x a prime number?
False
Suppose -90*x = -35*x - 245850. Let w = -1 + 10. Suppose w*p - x = 2424. Is p a prime number?
False
Let r = 295 - 176. Let l = r - -22. Is l a composite number?
True
Let s = -95606 - -162180. Is s a prime number?
False
Let r(u) = -5371*u + 256. Is r(-27) a prime number?
False
Suppose 16*y - 59 = 5. Suppose y*x + 184 = 3*f - 0*x, 0 = -4*f + x + 228. Suppose -f*n = -60*n + 2104. Is n a composite number?
True
Let r = 2137 - -114. Let h(b) = 7*b**3 - 16*b**2 + 50*b - 28. Let q be h(6). Let f = r - q. Is f prime?
False
Is (-35)/56 + (-1669679)/(-88) a composite number?
False
Suppose 18*j - 743632 - 1908812 = -209826. Is j prime?
True
Let f = -332 + 335. Is (((-603)/(-12))/f)/((-1)/(-292)) a composite number?
True
Suppose 0 = 6*i - 24 + 6. Suppose -7*n = t - 2*n, 0 = -2*t + n. Suppose y + 4*y + 5*c - 5700 = t, -i*c + 5698 = 5*y. Is y composite?
True
Let h(a) = a**2 + 5*a + 16. Let f be h(-5). Let c = f - 20. Is c/16 + 4586*1/8 prime?
False
Let v = 211 + -207. Suppose 4*f = y + 843, 10*f - 5*f - v*y = 1051. Is f a prime number?
True
Suppose 0 = 2*g + 10 - 36. Suppose 8 + 0 = p. Suppose -p*v + g*v - 3595 = 0. Is v a prime number?
True
Suppose 0 = 259*h - 234*h - 1394075. Is h prime?
True
Suppose 4*l = -3*j + 122095, -2*j - 209*l + 81378 = -211*l. Is j composite?
False
Let o(f) = 530*f**2 + 10*f - 629. Is o(-23) prime?
True
Suppose -6*s - 112 = 98. Is (1/3)/(s/(-473865)) composite?
False
Let b(p) = 409*p**3 - 5*p**2 - 36*p - 9. Is b(7) a composite number?
True
Let f = 48563 + -12666. Is f a prime number?
True
Suppose -129*t + 3307254 + 3877481 - 1576976 = 0. Is t a prime number?
False
Suppose v + 5*t + 8 = 0, 4*v - 8*v = -5*t - 18. Let y be 84/378 + (-2 - (-106)/9). Is (3105/y + -3)*v/3 composite?
True
Is (81/648)/(3/10995888*2) a prime number?
True
Let o(b) be the third derivative of -11*b**4 + 53*b**3/6 - 22*b**2. Is o(-4) composite?
False
Let o = -3587 + 1167. Let t be (-1)/(-4)*7394*2. Let p = o + t. Is p composite?
False
Suppose 0 = 11*t - 10*t - 228. Suppose 3*o = -t + 1215. Is (-2)/8 + o/4 composite?
True
Let q(o) = 8669*o - 9912. Is q(171) composite?
True
Suppose 8*s = y + 13*s - 74948, -4*y + 299809 = 3*s. Is y a composite number?
True
Let b be -1 + 241*(-1)/(-1). Suppose -p + 5*k = -2506, 32 = -5*k + 27. Let z = b + p. Is z a prime number?
True
Let j = 67291 + -46238. Let d = j - 7208. Suppose 3*m - 2*a = 8291, -5*m = 3*a - a - d. Is m a composite number?
False
Suppose -13*c - 24 = -9*c, -318481 = -5*v + 16*c. Is v prime?
False
Let q = -125639 + 245310. Is q a prime number?
True
Let f = -147111 - -392266. Is f a prime number?
False
Suppose 0 = 37*l - 36*l + 699. Let g = 2060 + l. Is g a composite number?
False
Let f(l) = -l**2 - 9*l + 27. Let u = -48 - -36. Let g be f(u). Let a(p) = 4*p**2 - 3*p + 28. Is a(g) a prime number?
True
Let w(u) = 93*u**2 + 7*u - 108. Let y be w(-17). Let l = -16832 + y. Is l composite?
True
Let n(h) = 1612*h**3 - 2*h**2 - 38*h + 233. Is n(4) prime?
True
Suppose -1180 - 164 = -12*z. Is 2/4 + 5589752/z composite?
True
Suppose 7*g + 28072 = 70289. Is g composite?
True
Let x = 35 - 30. Let i(a) = 30*a**2 - 11*a - 11. Let w be i(-9). Suppose -w - 1517 = -x*m. Is m composite?
True
Let s(d) = 2*d + 1. Let u(g) = -37674*g + 40. Let x(k) = 3*s(k) - u(k). Is x(1) composite?
False
Suppose -2*t = -x - 4822 - 5002, 4*x = -t - 39305. Let g = 16015 - x. Is g a composite number?
False
Let h = -59 + 48. Let k = h + 16. Is (20415/(-9))/k*-3 prime?
True
Suppose -5 - 7 = -2*v + 6*w, -2*w + 16 = -4*v. Is (-71939)/(-9) + v/27 prime?
True
Let j = 10065 + -6679. Is j a prime number?
False
Let o(q) = 1840*q**3 - 4*q**2 + 42*q - 187. Is o(4) composite?
True
Let c(n) be the first derivative of 509*n**2/2 + 28. Suppose -4*w + 2*w = -2. Is c(w) a prime number?
True
Let v(u) be the second derivative of 0 - 287/3*u**3 - 4*u + 3/2*u**2. Is v(-2) composite?
False
Let j(b) = -b**2 - 4*b - 1. Let u be 8/48 - (-19)/(-6). Let v be j(u). Is -1 + (2 - 1) - (-574)/v a prime number?
False
Let o = 30 - 23. Suppose 4890 - 16475 = -o*l. Is l composite?
True
Let i = -106 + 1002. Let k = i - 381. Is k a prime number?
False
Let y = 45442 + 35651. Is y composite?
True
Suppose 43*u - 197367 = 41*u - 42613. Is u composite?
False
Let c(f) be the first derivative of 52*f**3/3 - 2*f**2 - 19*f + 61. Is c(-4) prime?
True
Is (-2)/1 + (1 - 4) + 35049 - 6 a composite number?
True
Let c = -15382 + 84595. Is c composite?
True
Let h(w) = -16*w + 48. Let v be h(3). Suppose v = r - 3214 + 711. Is r a prime number?
True
Suppose -5*d - 5 - 8 = -2*i, -5*i = 2*d - 18. Let c be (i*9/(-15))/((-4)/(-70)). Let q = 173 + c. Is q a composite number?
False
Let o(a) be the third derivative of -3*a**7/20 + a**6/240 - a**5/3 + 15*a**2. Let l(q) be the third derivative of o(q). Is l(-4) composite?
True
Let t(k) = -7*k**2 - 31*k + 22. Let w be t(-5). Let x(d) be the first derivative of 24*d**4 - 2*d**3/3 - 